he highest common factor of 15 and 810916965?
15
What is the highest common factor of 244 and 16801047?
61
What is the greatest common factor of 3243 and 16122264?
69
Calculate the highest common factor of 44982 and 71451.
153
What is the greatest common factor of 206987899 and 31?
31
Calculate the greatest common divisor of 57788496 and 12.
12
What is the greatest common divisor of 26963 and 303448?
457
What is the highest common divisor of 347500 and 79508?
556
Calculate the highest common factor of 7984102 and 9296.
1162
What is the greatest common factor of 110649 and 4279?
11
Calculate the greatest common factor of 1103946376 and 104.
104
What is the highest common factor of 941120 and 6080?
320
What is the greatest common factor of 113474182 and 6836?
3418
Calculate the greatest common divisor of 97554500 and 2116.
92
Calculate the greatest common factor of 42625 and 41310445.
1705
What is the highest common factor of 1197 and 45449463?
57
What is the highest common factor of 41094 and 534185472?
4566
What is the highest common divisor of 3178744 and 1480?
296
What is the greatest common factor of 5054 and 3955116?
722
Calculate the greatest common divisor of 2762 and 52331614.
2762
Calculate the highest common factor of 15975 and 1598139.
639
What is the greatest common divisor of 204 and 49253856?
12
What is the greatest common divisor of 389763 and 113?
1
What is the greatest common factor of 48418 and 103114?
86
Calculate the highest common factor of 1232396 and 1240723.
8327
What is the greatest common factor of 896971 and 3247?
17
Calculate the greatest common divisor of 155206431 and 11952.
747
What is the highest common divisor of 450 and 45557865?
45
What is the highest common factor of 1064 and 2583487?
19
Calculate the greatest common factor of 32960 and 2575.
515
What is the highest common factor of 1776 and 37883264?
592
Calculate the greatest common divisor of 55 and 83320105.
55
What is the highest common factor of 1028540244 and 12?
12
Calculate the greatest common factor of 10618 and 411866911.
5309
Calculate the greatest common divisor of 126 and 8469558.
18
Calculate the greatest common divisor of 1947662511 and 6018.
3009
What is the highest common factor of 2526 and 24?
6
Calculate the greatest common divisor of 1379628 and 3249.
171
What is the greatest common divisor of 2490566 and 21814?
26
What is the greatest common factor of 12360 and 147990?
30
Calculate the greatest common divisor of 39448700 and 1338.
446
Calculate the highest common factor of 1760 and 33935.
55
What is the greatest common divisor of 6174450 and 4800?
150
Calculate the greatest common divisor of 5 and 493349215.
5
Calculate the greatest common divisor of 4297723 and 17185.
491
Calculate the highest common factor of 13 and 983815547.
13
What is the greatest common divisor of 400543901 and 11966?
5983
What is the highest common divisor of 3043451 and 1?
1
Calculate the highest common factor of 330526 and 2506.
14
Calculate the greatest common factor of 13081 and 738505.
127
What is the highest common factor of 101642582 and 97974?
10886
What is the highest common factor of 47369860 and 620?
620
Calculate the highest common divisor of 2044969920 and 18816.
9408
What is the highest common divisor of 138 and 24470758?
46
What is the highest common factor of 90801 and 101916?
171
Calculate the highest common factor of 15769962 and 546.
78
Calculate the greatest common divisor of 23424 and 789504.
384
Calculate the highest common factor of 1223481 and 1717695.
6027
Calculate the greatest common factor of 82585 and 172135.
995
Calculate the highest common factor of 19311303 and 1276.
319
Calculate the greatest common divisor of 213634 and 505824.
958
Calculate the highest common factor of 120959 and 2562643.
2813
Calculate the highest common divisor of 981845 and 28481.
1499
What is the highest common divisor of 2592600 and 2688?
24
Calculate the greatest common factor of 6338440 and 110.
10
What is the greatest common factor of 5467974 and 483?
69
What is the highest common divisor of 547994 and 2?
2
Calculate the greatest common factor of 43750 and 92330.
70
What is the greatest common divisor of 33282 and 27882?
18
Calculate the greatest common factor of 2412486 and 1616.
202
Calculate the highest common factor of 472 and 434748.
4
What is the highest common factor of 76544 and 96476536?
2392
What is the greatest common divisor of 1226798 and 30929?
157
Calculate the greatest common factor of 444 and 74952528.
444
Calculate the greatest common divisor of 12 and 113692932.
12
What is the greatest common divisor of 10075266 and 135108?
486
What is the highest common divisor of 281596 and 14535416?
3164
What is the greatest common factor of 42 and 3571358?
14
What is the greatest common factor of 850559 and 188?
47
What is the greatest common factor of 900 and 536418450?
450
Calculate the greatest common divisor of 2429 and 177824661.
2429
What is the greatest common factor of 24444139 and 1055?
211
Calculate the greatest common factor of 73861 and 108731.
317
Calculate the highest common divisor of 12972 and 1955388.
564
What is the greatest common divisor of 6322086 and 1062?
1062
What is the highest common factor of 28544 and 16064?
64
Calculate the highest common factor of 96231600 and 240.
240
Calculate the greatest common factor of 1539 and 670149.
171
Calculate the highest common factor of 392854 and 41888.
154
What is the highest common divisor of 6811984 and 160?
16
Calculate the highest common factor of 1258 and 52392.
74
Calculate the highest common divisor of 15443616 and 1326.
102
What is the greatest common factor of 12448 and 466016?
32
Calculate the highest common divisor of 118098 and 17757.
9
What is the highest common divisor of 1137156110 and 20?
10
What is the greatest common divisor of 25916 and 25217291?
341
Calculate the greatest common divisor of 52102964 and 246.
82
Calculate the highest common divisor of 879098 and 1426.
62
Calculate the greatest common factor of 224067 and 741.
57
Calculate the greatest common divisor of 1337055 and 7185.
15
Calculate the greatest common divisor of 975250 and 680.
10
Calculate the highest common factor of 1850 and 224025.
25
Calculate the highest common divisor of 45010909 and 36155.
1033
Calculate the highest common divisor of 7007 and 137635316.
637
What is the highest common factor of 1422 and 27204993?
711
Calculate the greatest common divisor of 2572712 and 442.
34
Calculate the highest common factor of 46088 and 67438.
14
Calculate the greatest common factor of 107 and 132170680.
107
What is the highest common divisor of 94666 and 27543503?
4303
What is the highest common divisor of 864 and 106968?
24
Calculate the highest common factor of 4476 and 14972966.
746
What is the highest common divisor of 412 and 704396297?
103
What is the greatest common factor of 3804007 and 27602?
37
What is the highest common factor of 18183 and 84201645?
957
What is the greatest common divisor of 54663862 and 22?
22
Calculate the highest common factor of 1329757 and 41327.
2431
Calculate the highest common factor of 224471 and 1313.
13
What is the highest common factor of 68255 and 70290?
55
What is the highest common divisor of 427726388 and 244?
244
What is the greatest common factor of 35973977 and 13?
13
What is the greatest common divisor of 2413813 and 1116007?
1327
Calculate the greatest common factor of 60253 and 251167.
677
What is the highest common divisor of 209937 and 28?
7
What is the greatest common factor of 160 and 27256792?
8
What is the highest common divisor of 7357890 and 6?
6
What is the greatest common divisor of 11804 and 190424?
52
What is the greatest common factor of 3200 and 2190560?
160
Calculate the greatest common divisor of 28500 and 132625.
125
What is the greatest common divisor of 4663909 and 129?
43
What is the greatest common divisor of 94469 and 176307?
17
What is the highest common divisor of 5360 and 427650280?
2680
Calculate the greatest common factor of 64 and 1178460.
4
What is the greatest common divisor of 1416 and 360768?
24
What is the greatest common factor of 2293 and 373261419?
2293
What is the greatest common factor of 4002 and 796746?
174
Calcu